{"id":17,"date":"2023-01-09T17:37:58","date_gmt":"2023-01-09T17:37:58","guid":{"rendered":"https:\/\/wp-api-saskaita123.test\/?page_id=17"},"modified":"2024-06-10T08:19:02","modified_gmt":"2024-06-10T08:19:02","slug":"titulinis","status":"publish","type":"page","link":"https:\/\/invoice123.com\/app\/lv\/","title":{"rendered":"Titulinis"},"content":{"rendered":"\n\n\n<div aria-hidden=\"true\" class=\"wp-block-fsb-flexible-spacer fsb-flexible-spacer\"><div class=\"fsb-flexible-spacer__device fsb-flexible-spacer__device--lg\" style=\"height:98px\"><\/div><div class=\"fsb-flexible-spacer__device fsb-flexible-spacer__device--md\" style=\"height:30px\"><\/div><div class=\"fsb-flexible-spacer__device fsb-flexible-spacer__device--sm\" style=\"height:30px\"><\/div><\/div>\n\n\n\r\n<div class=\"container-block\">\r\n    <div class=\"container\">\r\n        \n\n<h2 class=\"wp-block-heading text-lg-center\" id=\"easy123\">Biznesa gr\u0101matved\u012bbas un r\u0113\u0137inu p\u0101rvald\u012b\u0161ana tagad ir \u0113rta<\/h2>\n\n\n\n<div aria-hidden=\"true\" class=\"wp-block-fsb-flexible-spacer fsb-flexible-spacer\"><div class=\"fsb-flexible-spacer__device fsb-flexible-spacer__device--lg\" style=\"height:80px\"><\/div><div class=\"fsb-flexible-spacer__device fsb-flexible-spacer__device--md\" style=\"height:20px\"><\/div><div class=\"fsb-flexible-spacer__device fsb-flexible-spacer__device--sm\" style=\"height:20px\"><\/div><\/div>\n\n\n\n\n\n<div aria-hidden=\"true\" class=\"wp-block-fsb-flexible-spacer fsb-flexible-spacer\"><div class=\"fsb-flexible-spacer__device fsb-flexible-spacer__device--lg\" style=\"height:80px\"><\/div><div class=\"fsb-flexible-spacer__device fsb-flexible-spacer__device--md\" style=\"height:30px\"><\/div><div class=\"fsb-flexible-spacer__device fsb-flexible-spacer__device--sm\" style=\"height:30px\"><\/div><\/div>\n\n\n<div class=\"brand-separator\" style=\"height: 5px;width: 100%;background:linear-gradient(to right, #4EC63A 0, #4EC63A 33%, #41A1E4 33%, #41A1E4 66%, #F6B72D 66%, #F6B72D 100%);\"><\/div>\r\n\n\n\n<div aria-hidden=\"true\" class=\"wp-block-fsb-flexible-spacer fsb-flexible-spacer\"><div class=\"fsb-flexible-spacer__device fsb-flexible-spacer__device--lg\" style=\"height:80px\"><\/div><div class=\"fsb-flexible-spacer__device fsb-flexible-spacer__device--md\" style=\"height:30px\"><\/div><div class=\"fsb-flexible-spacer__device fsb-flexible-spacer__device--sm\" style=\"height:30px\"><\/div><\/div>\n\n\n\n\n\n<div aria-hidden=\"true\" class=\"wp-block-fsb-flexible-spacer fsb-flexible-spacer\"><div class=\"fsb-flexible-spacer__device fsb-flexible-spacer__device--lg\" style=\"height:80px\"><\/div><div class=\"fsb-flexible-spacer__device fsb-flexible-spacer__device--md\" style=\"height:30px\"><\/div><div class=\"fsb-flexible-spacer__device fsb-flexible-spacer__device--sm\" style=\"height:30px\"><\/div><\/div>\n\n\n\n<h2 class=\"wp-block-heading has-text-align-center\" id=\"prices\">Izv\u0113lies savu pl\u0101nu<\/h2>\n\n\n\n<div aria-hidden=\"true\" class=\"wp-block-fsb-flexible-spacer fsb-flexible-spacer\"><div class=\"fsb-flexible-spacer__device fsb-flexible-spacer__device--lg\" style=\"height:34px\"><\/div><div class=\"fsb-flexible-spacer__device fsb-flexible-spacer__device--md\" style=\"height:30px\"><\/div><div class=\"fsb-flexible-spacer__device fsb-flexible-spacer__device--sm\" style=\"height:30px\"><\/div><\/div>\n\n\n\n\n\n<div aria-hidden=\"true\" class=\"wp-block-fsb-flexible-spacer fsb-flexible-spacer\"><div class=\"fsb-flexible-spacer__device fsb-flexible-spacer__device--lg\" style=\"height:80px\"><\/div><div class=\"fsb-flexible-spacer__device fsb-flexible-spacer__device--md\" style=\"height:30px\"><\/div><div class=\"fsb-flexible-spacer__device fsb-flexible-spacer__device--sm\" style=\"height:30px\"><\/div><\/div>\n\n\n\n<h2 class=\"wp-block-heading has-text-align-center\">Bie\u017e\u0101k uzdotie jaut\u0101jumi<\/h2>\n\n\n\n<div aria-hidden=\"true\" class=\"wp-block-fsb-flexible-spacer fsb-flexible-spacer\"><div class=\"fsb-flexible-spacer__device fsb-flexible-spacer__device--lg\" style=\"height:64px\"><\/div><div class=\"fsb-flexible-spacer__device fsb-flexible-spacer__device--md\" style=\"height:30px\"><\/div><div class=\"fsb-flexible-spacer__device fsb-flexible-spacer__device--sm\" style=\"height:30px\"><\/div><\/div>\n\n\n\n\r\n    <\/div>\r\n<\/div>\r\n\n\n\n<div aria-hidden=\"true\" class=\"wp-block-fsb-flexible-spacer fsb-flexible-spacer\"><div class=\"fsb-flexible-spacer__device fsb-flexible-spacer__device--lg\" style=\"height:130px\"><\/div><div class=\"fsb-flexible-spacer__device fsb-flexible-spacer__device--md\" style=\"height:30px\"><\/div><div class=\"fsb-flexible-spacer__device fsb-flexible-spacer__device--sm\" style=\"height:30px\"><\/div><\/div>\n\n\n\r\n<div class=\"container-block\"style=\"background-color:#ebf3fd;\">\r\n    <div class=\"container\">\r\n        \n\n<div aria-hidden=\"true\" class=\"wp-block-fsb-flexible-spacer fsb-flexible-spacer\"><div class=\"fsb-flexible-spacer__device fsb-flexible-spacer__device--lg\" style=\"height:64px\"><\/div><div class=\"fsb-flexible-spacer__device fsb-flexible-spacer__device--md\" style=\"height:30px\"><\/div><div class=\"fsb-flexible-spacer__device fsb-flexible-spacer__device--sm\" style=\"height:30px\"><\/div><\/div>\n\n\n\n<h2 class=\"wp-block-heading has-text-align-center\">Tre\u0161o pu\u0161u integr\u0101cijas<\/h2>\n\n\n\n<div aria-hidden=\"true\" class=\"wp-block-fsb-flexible-spacer fsb-flexible-spacer\"><div class=\"fsb-flexible-spacer__device fsb-flexible-spacer__device--lg\" style=\"height:40px\"><\/div><div class=\"fsb-flexible-spacer__device fsb-flexible-spacer__device--md\" style=\"height:20px\"><\/div><div class=\"fsb-flexible-spacer__device fsb-flexible-spacer__device--sm\" style=\"height:20px\"><\/div><\/div>\n\n\n\n\n\n<div aria-hidden=\"true\" class=\"wp-block-fsb-flexible-spacer fsb-flexible-spacer\"><div class=\"fsb-flexible-spacer__device fsb-flexible-spacer__device--lg\" style=\"height:80px\"><\/div><div class=\"fsb-flexible-spacer__device fsb-flexible-spacer__device--md\" style=\"height:20px\"><\/div><div class=\"fsb-flexible-spacer__device fsb-flexible-spacer__device--sm\" style=\"height:20px\"><\/div><\/div>\n\n\r\n    <\/div>\r\n<\/div>\r\n\n\n\n<div aria-hidden=\"true\" class=\"wp-block-fsb-flexible-spacer fsb-flexible-spacer\"><div class=\"fsb-flexible-spacer__device fsb-flexible-spacer__device--lg\" style=\"height:64px\"><\/div><div class=\"fsb-flexible-spacer__device fsb-flexible-spacer__device--md\" style=\"height:30px\"><\/div><div class=\"fsb-flexible-spacer__device fsb-flexible-spacer__device--sm\" style=\"height:30px\"><\/div><\/div>\n\n\n\n<h2 class=\"wp-block-heading has-text-align-center\">30 t\u016bksto\u0161i apmierin\u0101tu lietot\u0101ju<\/h2>\n\n\n\n<div aria-hidden=\"true\" class=\"wp-block-fsb-flexible-spacer fsb-flexible-spacer\"><div class=\"fsb-flexible-spacer__device fsb-flexible-spacer__device--lg\" style=\"height:5px\"><\/div><div class=\"fsb-flexible-spacer__device fsb-flexible-spacer__device--md\" style=\"height:20px\"><\/div><div class=\"fsb-flexible-spacer__device fsb-flexible-spacer__device--sm\" style=\"height:20px\"><\/div><\/div>\n\n\n\n\n\n<div aria-hidden=\"true\" class=\"wp-block-fsb-flexible-spacer fsb-flexible-spacer\"><div class=\"fsb-flexible-spacer__device fsb-flexible-spacer__device--lg\" style=\"height:80px\"><\/div><div class=\"fsb-flexible-spacer__device fsb-flexible-spacer__device--md\" style=\"height:30px\"><\/div><div class=\"fsb-flexible-spacer__device fsb-flexible-spacer__device--sm\" style=\"height:30px\"><\/div><\/div>\n","protected":false},"excerpt":{"rendered":"<p>30 t\u016bksto\u0161i apmierin\u0101tu lietot\u0101ju<\/p>\n","protected":false},"author":1,"featured_media":0,"parent":0,"menu_order":0,"comment_status":"closed","ping_status":"closed","template":"","meta":{"_acf_changed":false,"inline_featured_image":false,"footnotes":""},"class_list":["post-17","page","type-page","status-publish","hentry"],"acf":[],"yoast_head":"<!-- This site is optimized with the Yoast SEO plugin v26.5 - https:\/\/yoast.com\/wordpress\/plugins\/seo\/ -->\n<title>Seamless Online Invoicing for Any Business Size!<\/title>\n<meta name=\"description\" content=\"Generate Invoices in a Snap, Get Paid 4x Faster, and Recover 25% of Your Billing Time. Start for free now\" \/>\n<meta name=\"robots\" content=\"noindex, follow, max-snippet:-1, max-image-preview:large, max-video-preview:-1\" \/>\n<meta property=\"og:locale\" content=\"lt_LT\" \/>\n<meta property=\"og:type\" content=\"article\" \/>\n<meta property=\"og:title\" content=\"Seamless Online Invoicing for Any Business Size!\" \/>\n<meta property=\"og:description\" content=\"Generate Invoices in a Snap, Get Paid 4x Faster, and Recover 25% of Your Billing Time. Start for free now\" \/>\n<meta property=\"og:url\" content=\"https:\/\/invoice123.com\/app\/lv\/\" \/>\n<meta property=\"og:site_name\" content=\"Invoice123\" \/>\n<meta property=\"article:modified_time\" content=\"2024-06-10T08:19:02+00:00\" \/>\n<meta name=\"twitter:card\" content=\"summary_large_image\" \/>\n<meta name=\"twitter:label1\" content=\"Est. reading time\" \/>\n\t<meta name=\"twitter:data1\" content=\"1 minut\u0117\" \/>\n<script type=\"application\/ld+json\" class=\"yoast-schema-graph\">{\"@context\":\"https:\/\/schema.org\",\"@graph\":[{\"@type\":\"WebPage\",\"@id\":\"https:\/\/invoice123.com\/app\/lv\/\",\"url\":\"https:\/\/invoice123.com\/app\/lv\/\",\"name\":\"Seamless Online Invoicing for Any Business Size!\",\"isPartOf\":{\"@id\":\"https:\/\/invoice123.com\/app\/#website\"},\"datePublished\":\"2023-01-09T17:37:58+00:00\",\"dateModified\":\"2024-06-10T08:19:02+00:00\",\"description\":\"Generate Invoices in a Snap, Get Paid 4x Faster, and Recover 25% of Your Billing Time. Start for free now\",\"breadcrumb\":{\"@id\":\"https:\/\/invoice123.com\/app\/lv\/#breadcrumb\"},\"inLanguage\":\"lt-LT\",\"potentialAction\":[{\"@type\":\"ReadAction\",\"target\":[\"https:\/\/invoice123.com\/app\/lv\/\"]}]},{\"@type\":\"BreadcrumbList\",\"@id\":\"https:\/\/invoice123.com\/app\/lv\/#breadcrumb\",\"itemListElement\":[{\"@type\":\"ListItem\",\"position\":1,\"name\":\"Home\",\"item\":\"https:\/\/invoice123.com\/app\/\"},{\"@type\":\"ListItem\",\"position\":2,\"name\":\"Titulinis\"}]},{\"@type\":\"WebSite\",\"@id\":\"https:\/\/invoice123.com\/app\/#website\",\"url\":\"https:\/\/invoice123.com\/app\/\",\"name\":\"Invoice123\",\"description\":\"\",\"potentialAction\":[{\"@type\":\"SearchAction\",\"target\":{\"@type\":\"EntryPoint\",\"urlTemplate\":\"https:\/\/invoice123.com\/app\/?s={search_term_string}\"},\"query-input\":{\"@type\":\"PropertyValueSpecification\",\"valueRequired\":true,\"valueName\":\"search_term_string\"}}],\"inLanguage\":\"lt-LT\"}]}<\/script>\n<!-- \/ Yoast SEO plugin. -->","yoast_head_json":{"title":"Seamless Online Invoicing for Any Business Size!","description":"Generate Invoices in a Snap, Get Paid 4x Faster, and Recover 25% of Your Billing Time. Start for free now","robots":{"index":"noindex","follow":"follow","max-snippet":"max-snippet:-1","max-image-preview":"max-image-preview:large","max-video-preview":"max-video-preview:-1"},"og_locale":"lt_LT","og_type":"article","og_title":"Seamless Online Invoicing for Any Business Size!","og_description":"Generate Invoices in a Snap, Get Paid 4x Faster, and Recover 25% of Your Billing Time. Start for free now","og_url":"https:\/\/invoice123.com\/app\/lv\/","og_site_name":"Invoice123","article_modified_time":"2024-06-10T08:19:02+00:00","twitter_card":"summary_large_image","twitter_misc":{"Est. reading time":"1 minut\u0117"},"schema":{"@context":"https:\/\/schema.org","@graph":[{"@type":"WebPage","@id":"https:\/\/invoice123.com\/app\/lv\/","url":"https:\/\/invoice123.com\/app\/lv\/","name":"Seamless Online Invoicing for Any Business Size!","isPartOf":{"@id":"https:\/\/invoice123.com\/app\/#website"},"datePublished":"2023-01-09T17:37:58+00:00","dateModified":"2024-06-10T08:19:02+00:00","description":"Generate Invoices in a Snap, Get Paid 4x Faster, and Recover 25% of Your Billing Time. Start for free now","breadcrumb":{"@id":"https:\/\/invoice123.com\/app\/lv\/#breadcrumb"},"inLanguage":"lt-LT","potentialAction":[{"@type":"ReadAction","target":["https:\/\/invoice123.com\/app\/lv\/"]}]},{"@type":"BreadcrumbList","@id":"https:\/\/invoice123.com\/app\/lv\/#breadcrumb","itemListElement":[{"@type":"ListItem","position":1,"name":"Home","item":"https:\/\/invoice123.com\/app\/"},{"@type":"ListItem","position":2,"name":"Titulinis"}]},{"@type":"WebSite","@id":"https:\/\/invoice123.com\/app\/#website","url":"https:\/\/invoice123.com\/app\/","name":"Invoice123","description":"","potentialAction":[{"@type":"SearchAction","target":{"@type":"EntryPoint","urlTemplate":"https:\/\/invoice123.com\/app\/?s={search_term_string}"},"query-input":{"@type":"PropertyValueSpecification","valueRequired":true,"valueName":"search_term_string"}}],"inLanguage":"lt-LT"}]}},"_links":{"self":[{"href":"https:\/\/invoice123.com\/app\/wp-json\/wp\/v2\/pages\/17","targetHints":{"allow":["GET"]}}],"collection":[{"href":"https:\/\/invoice123.com\/app\/wp-json\/wp\/v2\/pages"}],"about":[{"href":"https:\/\/invoice123.com\/app\/wp-json\/wp\/v2\/types\/page"}],"author":[{"embeddable":true,"href":"https:\/\/invoice123.com\/app\/wp-json\/wp\/v2\/users\/1"}],"replies":[{"embeddable":true,"href":"https:\/\/invoice123.com\/app\/wp-json\/wp\/v2\/comments?post=17"}],"version-history":[{"count":152,"href":"https:\/\/invoice123.com\/app\/wp-json\/wp\/v2\/pages\/17\/revisions"}],"predecessor-version":[{"id":3921,"href":"https:\/\/invoice123.com\/app\/wp-json\/wp\/v2\/pages\/17\/revisions\/3921"}],"wp:attachment":[{"href":"https:\/\/invoice123.com\/app\/wp-json\/wp\/v2\/media?parent=17"}],"curies":[{"name":"wp","href":"https:\/\/api.w.org\/{rel}","templated":true}]}}